{"id":18193,"date":"2021-05-25T10:14:38","date_gmt":"2021-05-25T10:14:38","guid":{"rendered":"https:\/\/emrecordlabelarchive.com\/?page_id=18193"},"modified":"2022-03-13T22:11:20","modified_gmt":"2022-03-13T22:11:20","slug":"kolde-records","status":"publish","type":"page","link":"https:\/\/emrecordlabelarchive.com\/?page_id=18193","title":{"rendered":"Kolde Records"},"content":{"rendered":"\n<p class=\"has-text-align-center\">LABEL<\/p>\n\n\n\n<p style=\"font-size:14px\"><a href=\"https:\/\/emrecordlabelarchive.com\/?page_id=21769\" data-type=\"page\" data-id=\"21769\">2014<\/a><\/p>\n\n\n\n<p style=\"font-size:14px\">Mother Label: <a href=\"https:\/\/emrecordlabelarchive.com\/?page_id=14717\" data-type=\"page\" data-id=\"14717\">Skrypt\u00f6m Records<\/a><\/p>\n\n\n\n<p style=\"font-size:14px\">related Label: <a href=\"https:\/\/emrecordlabelarchive.com\/?page_id=17453\" data-type=\"page\" data-id=\"17453\">Errat\u00f6m<\/a>, <a href=\"https:\/\/emrecordlabelarchive.com\/?page_id=14767\" data-type=\"page\" data-id=\"14767\">M\u00f6d3rn Records<\/a><\/p>\n\n\n\n<div style=\"height:100px\" aria-hidden=\"true\" class=\"wp-block-spacer\"><\/div>\n\n\n\n<p class=\"has-text-align-center\" style=\"font-size:14px\"><a href=\"https:\/\/emrecordlabelarchive.com\/?page_id=7211\" data-type=\"page\" data-id=\"7211\">France<\/a>  \/  <a href=\"https:\/\/emrecordlabelarchive.com\/?page_id=15322\" data-type=\"page\" data-id=\"15322\">France &#8211; Techno<\/a><\/p>\n\n\n\n<hr class=\"wp-block-separator is-style-wide\"\/>\n\n\n\n<p class=\"has-text-align-center\" style=\"font-size:14px\"><a href=\"https:\/\/emrecordlabelarchive.com\/?page_id=13097\" data-type=\"URL\" data-id=\"https:\/\/emrecordlabelarchive.com\/?page_id=13097\">Techno<\/a><\/p>\n\n\n\n<hr class=\"wp-block-separator is-style-wide\"\/>\n\n\n\n<div style=\"height:100px\" aria-hidden=\"true\" class=\"wp-block-spacer\"><\/div>\n\n\n\n<hr class=\"wp-block-separator is-style-wide\"\/>\n\n\n\n<figure class=\"wp-block-table is-style-stripes\"><table><tbody><tr><td class=\"has-text-align-center\" data-align=\"center\"><a rel=\"noreferrer noopener\" href=\"https:\/\/www.discogs.com\/de\/label\/757093-Kolde-Records\" target=\"_blank\">Discogs<\/a><\/td><td class=\"has-text-align-center\" data-align=\"center\"><\/td><td class=\"has-text-align-center\" data-align=\"center\"><\/td><\/tr><tr><td class=\"has-text-align-center\" data-align=\"center\"><\/td><td class=\"has-text-align-center\" data-align=\"center\"><\/td><td class=\"has-text-align-center\" data-align=\"center\"><\/td><\/tr><\/tbody><\/table><\/figure>\n\n\n\n<div style=\"height:100px\" aria-hidden=\"true\" class=\"wp-block-spacer\"><\/div>\n\n\n\n<p class=\"has-text-align-center has-medium-font-size\">Artists<\/p>\n\n\n\n<div style=\"height:100px\" aria-hidden=\"true\" class=\"wp-block-spacer\"><\/div>\n","protected":false},"excerpt":{"rendered":"<p>LABEL 2014 Mother Label: Skrypt\u00f6m Records related Label: Errat\u00f6m, M\u00f6d3rn Records France \/ France &#8211; Techno Techno Discogs Artists<\/p>\n","protected":false},"author":1,"featured_media":0,"parent":0,"menu_order":0,"comment_status":"closed","ping_status":"closed","template":"","meta":{"nf_dc_page":"","_monsterinsights_skip_tracking":false,"_monsterinsights_sitenote_active":false,"_monsterinsights_sitenote_note":"","_monsterinsights_sitenote_category":0,"footnotes":""},"class_list":["post-18193","page","type-page","status-publish","hentry"],"jetpack_sharing_enabled":true,"_links":{"self":[{"href":"https:\/\/emrecordlabelarchive.com\/index.php?rest_route=\/wp\/v2\/pages\/18193","targetHints":{"allow":["GET"]}}],"collection":[{"href":"https:\/\/emrecordlabelarchive.com\/index.php?rest_route=\/wp\/v2\/pages"}],"about":[{"href":"https:\/\/emrecordlabelarchive.com\/index.php?rest_route=\/wp\/v2\/types\/page"}],"author":[{"embeddable":true,"href":"https:\/\/emrecordlabelarchive.com\/index.php?rest_route=\/wp\/v2\/users\/1"}],"replies":[{"embeddable":true,"href":"https:\/\/emrecordlabelarchive.com\/index.php?rest_route=%2Fwp%2Fv2%2Fcomments&post=18193"}],"version-history":[{"count":5,"href":"https:\/\/emrecordlabelarchive.com\/index.php?rest_route=\/wp\/v2\/pages\/18193\/revisions"}],"predecessor-version":[{"id":75028,"href":"https:\/\/emrecordlabelarchive.com\/index.php?rest_route=\/wp\/v2\/pages\/18193\/revisions\/75028"}],"wp:attachment":[{"href":"https:\/\/emrecordlabelarchive.com\/index.php?rest_route=%2Fwp%2Fv2%2Fmedia&parent=18193"}],"curies":[{"name":"wp","href":"https:\/\/api.w.org\/{rel}","templated":true}]}}