{"id":40713,"date":"2021-12-14T13:27:04","date_gmt":"2021-12-14T13:27:04","guid":{"rendered":"https:\/\/emrecordlabelarchive.com\/?page_id=40713"},"modified":"2022-04-04T18:10:38","modified_gmt":"2022-04-04T18:10:38","slug":"28-august-2020","status":"publish","type":"page","link":"https:\/\/emrecordlabelarchive.com\/?page_id=40713","title":{"rendered":"28. August 2020"},"content":{"rendered":"\n<div style=\"height:100px\" aria-hidden=\"true\" class=\"wp-block-spacer\"><\/div>\n\n\n\n<p class=\"has-text-align-center has-medium-font-size\">Releases<\/p>\n\n\n\n<div style=\"height:100px\" aria-hidden=\"true\" class=\"wp-block-spacer\"><\/div>\n\n\n\n<p><a href=\"https:\/\/emrecordlabelarchive.com\/?page_id=11201\" data-type=\"page\" data-id=\"11201\">Boddika<\/a> &#8211; <a href=\"https:\/\/emrecordlabelarchive.com\/?page_id=16075\" data-type=\"page\" data-id=\"16075\">Nonplus Records<\/a> &#8211; <a rel=\"noreferrer noopener\" href=\"https:\/\/nonplusrecords.bandcamp.com\/album\/nonplus-053-boddika-walk-talk-ep\" target=\"_blank\">NONPLUS053<\/a><\/p>\n\n\n<figure class=\"wp-block-embed-youtube wp-block-embed is-type-video is-provider-youtube wp-embed-aspect-16-9 wp-has-aspect-ratio\"><div class=\"lyte-wrapper\" style=\"width:420px;max-width:100%;margin:5px;\"><div class=\"lyMe\" id=\"WYL_nqf1xBTyeRM\"><div id=\"lyte_nqf1xBTyeRM\" data-src=\"\/\/i.ytimg.com\/vi\/nqf1xBTyeRM\/hqdefault.jpg\" class=\"pL\"><div class=\"tC\"><div class=\"tT\"><\/div><\/div><div class=\"play\"><\/div><div class=\"ctrl\"><div class=\"Lctrl\"><\/div><div class=\"Rctrl\"><\/div><\/div><\/div><noscript><a href=\"https:\/\/youtu.be\/nqf1xBTyeRM\" rel=\"nofollow\"><img loading=\"lazy\" decoding=\"async\" src=\"https:\/\/i.ytimg.com\/vi\/nqf1xBTyeRM\/0.jpg\" alt=\"YouTube video thumbnail\" width=\"420\" height=\"216\" \/><br \/>Watch this video on YouTube<\/a><\/noscript><\/div><\/div><div class=\"lL\" style=\"max-width:100%;width:420px;margin:5px;\"><\/div><figcaption><sub>Release Date: <a href=\"https:\/\/emrecordlabelarchive.com\/?page_id=40713\" data-type=\"page\" data-id=\"40713\">28. August 2020<\/a><\/sub><\/figcaption><\/figure>\n\n\n<div style=\"height:50px\" aria-hidden=\"true\" class=\"wp-block-spacer\"><\/div>\n\n\n\n<p><a href=\"https:\/\/emrecordlabelarchive.com\/?page_id=40717\" data-type=\"page\" data-id=\"40717\">Dylan Henner<\/a> &#8211; <a href=\"https:\/\/emrecordlabelarchive.com\/?page_id=25332\" data-type=\"page\" data-id=\"25332\">AD 93<\/a> &#8211; <a rel=\"noreferrer noopener\" href=\"https:\/\/dylanhenner.bandcamp.com\/album\/the-invention-of-the-human\" target=\"_blank\">WHYT034<\/a><\/p>\n\n\n<figure class=\"wp-block-embed-youtube wp-block-embed is-type-video is-provider-youtube wp-embed-aspect-16-9 wp-has-aspect-ratio\"><div class=\"lyte-wrapper\" style=\"width:420px;max-width:100%;margin:5px;\"><div class=\"lyMe\" id=\"WYL__4HDy0V6Dzw\"><div id=\"lyte__4HDy0V6Dzw\" data-src=\"\/\/i.ytimg.com\/vi\/_4HDy0V6Dzw\/hqdefault.jpg\" class=\"pL\"><div class=\"tC\"><div class=\"tT\"><\/div><\/div><div class=\"play\"><\/div><div class=\"ctrl\"><div class=\"Lctrl\"><\/div><div class=\"Rctrl\"><\/div><\/div><\/div><noscript><a href=\"https:\/\/youtu.be\/_4HDy0V6Dzw\" rel=\"nofollow\"><img loading=\"lazy\" decoding=\"async\" src=\"https:\/\/i.ytimg.com\/vi\/_4HDy0V6Dzw\/0.jpg\" alt=\"YouTube video thumbnail\" width=\"420\" height=\"216\" \/><br \/>Watch this video on YouTube<\/a><\/noscript><\/div><\/div><div class=\"lL\" style=\"max-width:100%;width:420px;margin:5px;\"><\/div><figcaption><sub>Release Date: <a href=\"https:\/\/emrecordlabelarchive.com\/?page_id=40713\" data-type=\"page\" data-id=\"40713\">28. August 2020<\/a><\/sub><\/figcaption><\/figure>\n\n\n<div style=\"height:50px\" aria-hidden=\"true\" class=\"wp-block-spacer\"><\/div>\n\n\n\n<p><a href=\"https:\/\/emrecordlabelarchive.com\/?page_id=9129\" data-type=\"page\" data-id=\"9129\">Amandra<\/a> + <a href=\"https:\/\/emrecordlabelarchive.com\/?page_id=17732\" data-type=\"page\" data-id=\"17732\">Edit Select<\/a> Remix + <a href=\"https:\/\/emrecordlabelarchive.com\/?page_id=10568\" data-type=\"page\" data-id=\"10568\">AWB<\/a> Remix + <a href=\"https:\/\/emrecordlabelarchive.com\/?page_id=34977\">T\u00e9o Dr\u00e9an<\/a> Remix &#8211; <a href=\"https:\/\/emrecordlabelarchive.com\/?page_id=14255\" data-type=\"page\" data-id=\"14255\">Aff\u00fbt\u00e9<\/a> &#8211; <a rel=\"noreferrer noopener\" href=\"https:\/\/affute.bandcamp.com\/album\/afft007-amandra-ruban-rouge-ep-2\" target=\"_blank\">AFFT007<\/a><\/p>\n\n\n<figure class=\"wp-block-embed-youtube wp-block-embed is-type-video is-provider-youtube wp-embed-aspect-16-9 wp-has-aspect-ratio\"><div class=\"lyte-wrapper\" style=\"width:420px;max-width:100%;margin:5px;\"><div class=\"lyMe\" id=\"WYL_FDXPmOg8Yeo\"><div id=\"lyte_FDXPmOg8Yeo\" data-src=\"\/\/i.ytimg.com\/vi\/FDXPmOg8Yeo\/hqdefault.jpg\" class=\"pL\"><div class=\"tC\"><div class=\"tT\"><\/div><\/div><div class=\"play\"><\/div><div class=\"ctrl\"><div class=\"Lctrl\"><\/div><div class=\"Rctrl\"><\/div><\/div><\/div><noscript><a href=\"https:\/\/youtu.be\/FDXPmOg8Yeo\" rel=\"nofollow\"><img loading=\"lazy\" decoding=\"async\" src=\"https:\/\/i.ytimg.com\/vi\/FDXPmOg8Yeo\/0.jpg\" alt=\"YouTube video thumbnail\" width=\"420\" height=\"216\" \/><br \/>Watch this video on YouTube<\/a><\/noscript><\/div><\/div><div class=\"lL\" style=\"max-width:100%;width:420px;margin:5px;\"><\/div><figcaption><sub>Release Date: <a href=\"https:\/\/emrecordlabelarchive.com\/?page_id=40713\" data-type=\"page\" data-id=\"40713\">28. August 2020<\/a><\/sub><\/figcaption><\/figure>\n\n\n<div style=\"height:50px\" aria-hidden=\"true\" class=\"wp-block-spacer\"><\/div>\n\n\n\n<p><a href=\"https:\/\/emrecordlabelarchive.com\/?page_id=10814\" data-type=\"page\" data-id=\"10814\">Crime as Service<\/a> &#8211; <a href=\"https:\/\/emrecordlabelarchive.com\/?page_id=23219\" data-type=\"page\" data-id=\"23219\">The Nursery<\/a> &#8211; <a rel=\"noreferrer noopener\" href=\"https:\/\/dynamicreflection.bandcamp.com\/album\/mount-point-ep-tn042\" target=\"_blank\">TN042<\/a><\/p>\n\n\n<figure class=\"wp-block-embed-youtube wp-block-embed is-type-video is-provider-youtube wp-embed-aspect-16-9 wp-has-aspect-ratio\"><div class=\"lyte-wrapper\" style=\"width:420px;max-width:100%;margin:5px;\"><div class=\"lyMe\" id=\"WYL_KGAjz_4pfUQ\"><div id=\"lyte_KGAjz_4pfUQ\" data-src=\"\/\/i.ytimg.com\/vi\/KGAjz_4pfUQ\/hqdefault.jpg\" class=\"pL\"><div class=\"tC\"><div class=\"tT\"><\/div><\/div><div class=\"play\"><\/div><div class=\"ctrl\"><div class=\"Lctrl\"><\/div><div class=\"Rctrl\"><\/div><\/div><\/div><noscript><a href=\"https:\/\/youtu.be\/KGAjz_4pfUQ\" rel=\"nofollow\"><img loading=\"lazy\" decoding=\"async\" src=\"https:\/\/i.ytimg.com\/vi\/KGAjz_4pfUQ\/0.jpg\" alt=\"YouTube video thumbnail\" width=\"420\" height=\"216\" \/><br \/>Watch this video on YouTube<\/a><\/noscript><\/div><\/div><div class=\"lL\" style=\"max-width:100%;width:420px;margin:5px;\"><\/div><figcaption><sub>Release Date: <a href=\"https:\/\/emrecordlabelarchive.com\/?page_id=40713\" data-type=\"page\" data-id=\"40713\">28. August 2020<\/a><\/sub><\/figcaption><\/figure>\n\n\n<div style=\"height:100px\" aria-hidden=\"true\" class=\"wp-block-spacer\"><\/div>\n","protected":false},"excerpt":{"rendered":"<p>Releases Boddika &#8211; Nonplus Records &#8211; NONPLUS053 Dylan Henner &#8211; AD 93 &#8211; WHYT034 Amandra + Edit Select Remix + AWB Remix + T\u00e9o Dr\u00e9an Remix &#8211; Aff\u00fbt\u00e9 &#8211; AFFT007 Crime as Service &#8211; The Nursery &#8211; TN042<\/p>\n","protected":false},"author":1,"featured_media":0,"parent":0,"menu_order":0,"comment_status":"closed","ping_status":"closed","template":"","meta":{"nf_dc_page":"","_monsterinsights_skip_tracking":false,"_monsterinsights_sitenote_active":false,"_monsterinsights_sitenote_note":"","_monsterinsights_sitenote_category":0,"footnotes":""},"class_list":["post-40713","page","type-page","status-publish","hentry"],"jetpack_sharing_enabled":true,"_links":{"self":[{"href":"https:\/\/emrecordlabelarchive.com\/index.php?rest_route=\/wp\/v2\/pages\/40713","targetHints":{"allow":["GET"]}}],"collection":[{"href":"https:\/\/emrecordlabelarchive.com\/index.php?rest_route=\/wp\/v2\/pages"}],"about":[{"href":"https:\/\/emrecordlabelarchive.com\/index.php?rest_route=\/wp\/v2\/types\/page"}],"author":[{"embeddable":true,"href":"https:\/\/emrecordlabelarchive.com\/index.php?rest_route=\/wp\/v2\/users\/1"}],"replies":[{"embeddable":true,"href":"https:\/\/emrecordlabelarchive.com\/index.php?rest_route=%2Fwp%2Fv2%2Fcomments&post=40713"}],"version-history":[{"count":5,"href":"https:\/\/emrecordlabelarchive.com\/index.php?rest_route=\/wp\/v2\/pages\/40713\/revisions"}],"predecessor-version":[{"id":83924,"href":"https:\/\/emrecordlabelarchive.com\/index.php?rest_route=\/wp\/v2\/pages\/40713\/revisions\/83924"}],"wp:attachment":[{"href":"https:\/\/emrecordlabelarchive.com\/index.php?rest_route=%2Fwp%2Fv2%2Fmedia&parent=40713"}],"curies":[{"name":"wp","href":"https:\/\/api.w.org\/{rel}","templated":true}]}}