{"id":8980,"date":"2021-04-08T12:14:20","date_gmt":"2021-04-08T10:14:20","guid":{"rendered":"https:\/\/labelarchive.wordpress.com\/?page_id=8980"},"modified":"2022-01-04T12:18:41","modified_gmt":"2022-01-04T12:18:41","slug":"inglawt","status":"publish","type":"page","link":"https:\/\/emrecordlabelarchive.com\/?page_id=8980","title":{"rendered":"Inglawt"},"content":{"rendered":"\n<p class=\"has-text-align-center\">ARTIST<\/p>\n\n\n\n<hr class=\"wp-block-separator\"\/>\n\n\n\n<div style=\"height:100px\" aria-hidden=\"true\" class=\"wp-block-spacer\"><\/div>\n\n\n\n<figure class=\"wp-block-table is-style-stripes\"><table><tbody><tr><td class=\"has-text-align-center\" data-align=\"center\"><a href=\"https:\/\/soundcloud.com\/inglawt\">Soundcloud<\/a><\/td><td class=\"has-text-align-center\" data-align=\"center\"><\/td><td class=\"has-text-align-center\" data-align=\"center\"><\/td><\/tr><tr><td class=\"has-text-align-center\" data-align=\"center\"><\/td><td class=\"has-text-align-center\" data-align=\"center\"><\/td><td class=\"has-text-align-center\" data-align=\"center\"><\/td><\/tr><\/tbody><\/table><\/figure>\n\n\n\n<div style=\"height:100px\" aria-hidden=\"true\" class=\"wp-block-spacer\"><\/div>\n\n\n\n<p class=\"has-text-align-center\">Released \/ featured on the following Labels:<\/p>\n\n\n\n<div style=\"height:40px\" aria-hidden=\"true\" class=\"wp-block-spacer\"><\/div>\n\n\n\n<figure class=\"wp-block-table is-style-stripes\"><table><tbody><tr><td><\/td><\/tr><tr><td><\/td><\/tr><tr><td><\/td><\/tr><tr><td><\/td><\/tr><tr><td><\/td><\/tr><tr><td><\/td><\/tr><tr><td><\/td><\/tr><tr><td><\/td><\/tr><tr><td><\/td><\/tr><\/tbody><\/table><\/figure>\n\n\n\n<div style=\"height:100px\" aria-hidden=\"true\" class=\"wp-block-spacer\"><\/div>\n\n\n\n<hr class=\"wp-block-separator\"\/>\n\n\n\n<div style=\"height:50px\" aria-hidden=\"true\" class=\"wp-block-spacer\"><\/div>\n\n\n\n<p class=\"has-text-align-center has-medium-font-size\">Various Artists Compilations<\/p>\n\n\n\n<div style=\"height:50px\" aria-hidden=\"true\" class=\"wp-block-spacer\"><\/div>\n\n\n\n<p>Various Artists &#8211; <a href=\"https:\/\/emrecordlabelarchive.com\/?page_id=14211\" data-type=\"page\" data-id=\"14211\">Abstraction<\/a> &#8211; <a rel=\"noreferrer noopener\" href=\"https:\/\/abstractioncollective.bandcamp.com\/album\/3-years-of-abstraction\" target=\"_blank\">ABS030<\/a><\/p>\n\n\n\n<p>w\/ <a href=\"https:\/\/emrecordlabelarchive.com\/?page_id=8856\" data-type=\"page\" data-id=\"8856\">Hioll<\/a>, <a href=\"https:\/\/emrecordlabelarchive.com\/?page_id=8972\" data-type=\"page\" data-id=\"8972\">X-Alox<\/a>, <a href=\"https:\/\/emrecordlabelarchive.com\/?page_id=8984\" data-type=\"page\" data-id=\"8984\">Verschwender<\/a>, <a href=\"https:\/\/emrecordlabelarchive.com\/?page_id=8980\" data-type=\"page\" data-id=\"8980\">Inglawt<\/a>, <a href=\"https:\/\/emrecordlabelarchive.com\/?page_id=8990\" data-type=\"page\" data-id=\"8990\">Aahan<\/a>, <a href=\"https:\/\/emrecordlabelarchive.com\/?page_id=51018\" data-type=\"page\" data-id=\"51018\">Nekro TFFV<\/a>, <a href=\"https:\/\/emrecordlabelarchive.com\/?page_id=8914\" data-type=\"page\" data-id=\"8914\">\u00c5re:gone<\/a>, <a href=\"https:\/\/emrecordlabelarchive.com\/?page_id=8918\" data-type=\"page\" data-id=\"8918\">Chimachine<\/a>, <a href=\"https:\/\/emrecordlabelarchive.com\/?page_id=51020\" data-type=\"page\" data-id=\"51020\">Charlie Sparks<\/a>, <a href=\"https:\/\/emrecordlabelarchive.com\/?page_id=11038\" data-type=\"page\" data-id=\"11038\">Blame The Mono<\/a>, <a href=\"https:\/\/emrecordlabelarchive.com\/?page_id=8902\" data-type=\"page\" data-id=\"8902\">R\u00f8ttar<\/a>, <a href=\"https:\/\/emrecordlabelarchive.com\/?page_id=8982\" data-type=\"page\" data-id=\"8982\">Einsiedler<\/a>, <a href=\"https:\/\/emrecordlabelarchive.com\/?page_id=51022\" data-type=\"page\" data-id=\"51022\">DLV<\/a>, <a href=\"https:\/\/emrecordlabelarchive.com\/?page_id=8988\" data-type=\"page\" data-id=\"8988\">Fractions<\/a>, <a href=\"https:\/\/emrecordlabelarchive.com\/?page_id=8986\" data-type=\"page\" data-id=\"8986\">Jehra<\/a>, <a href=\"https:\/\/emrecordlabelarchive.com\/?page_id=51024\" data-type=\"page\" data-id=\"51024\">Rorschack<\/a>, <a href=\"https:\/\/emrecordlabelarchive.com\/?page_id=51026\" data-type=\"page\" data-id=\"51026\">IR00049<\/a>, <a href=\"https:\/\/emrecordlabelarchive.com\/?page_id=8978\" data-type=\"page\" data-id=\"8978\">G\u00f8wther<\/a><\/p>\n\n\n<figure class=\"wp-block-embed-youtube wp-block-embed is-type-video is-provider-youtube wp-embed-aspect-4-3 wp-has-aspect-ratio\"><div class=\"lyte-wrapper\" style=\"width:420px;max-width:100%;margin:5px;\"><div class=\"lyMe\" id=\"WYL_6StjeGBZfrY\"><div id=\"lyte_6StjeGBZfrY\" data-src=\"\/\/i.ytimg.com\/vi\/6StjeGBZfrY\/hqdefault.jpg\" class=\"pL\"><div class=\"tC\"><div class=\"tT\"><\/div><\/div><div class=\"play\"><\/div><div class=\"ctrl\"><div class=\"Lctrl\"><\/div><div class=\"Rctrl\"><\/div><\/div><\/div><noscript><a href=\"https:\/\/youtu.be\/6StjeGBZfrY\" rel=\"nofollow\"><img loading=\"lazy\" decoding=\"async\" src=\"https:\/\/i.ytimg.com\/vi\/6StjeGBZfrY\/0.jpg\" alt=\"YouTube video thumbnail\" width=\"420\" height=\"216\" \/><br \/>Watch this video on YouTube<\/a><\/noscript><\/div><\/div><div class=\"lL\" style=\"max-width:100%;width:420px;margin:5px;\"><\/div><figcaption><sub>Release Date: <a href=\"https:\/\/emrecordlabelarchive.com\/?page_id=43918\" data-type=\"page\" data-id=\"43918\">14. December 2020<\/a><\/sub> <\/figcaption><\/figure>\n\n\n<div style=\"height:100px\" aria-hidden=\"true\" class=\"wp-block-spacer\"><\/div>\n","protected":false},"excerpt":{"rendered":"<p>ARTIST Soundcloud Released \/ featured on the following Labels: Various Artists Compilations Various Artists &#8211; Abstraction &#8211; ABS030 w\/ Hioll, X-Alox, Verschwender, Inglawt, Aahan, Nekro TFFV, \u00c5re:gone, Chimachine, Charlie Sparks, Blame The Mono, R\u00f8ttar, Einsiedler, DLV, Fractions, Jehra, Rorschack, IR00049, G\u00f8wther<\/p>\n","protected":false},"author":1,"featured_media":0,"parent":0,"menu_order":0,"comment_status":"closed","ping_status":"closed","template":"","meta":{"nf_dc_page":"","_monsterinsights_skip_tracking":false,"_monsterinsights_sitenote_active":false,"_monsterinsights_sitenote_note":"","_monsterinsights_sitenote_category":0,"footnotes":""},"class_list":["post-8980","page","type-page","status-publish","hentry"],"jetpack_sharing_enabled":true,"_links":{"self":[{"href":"https:\/\/emrecordlabelarchive.com\/index.php?rest_route=\/wp\/v2\/pages\/8980","targetHints":{"allow":["GET"]}}],"collection":[{"href":"https:\/\/emrecordlabelarchive.com\/index.php?rest_route=\/wp\/v2\/pages"}],"about":[{"href":"https:\/\/emrecordlabelarchive.com\/index.php?rest_route=\/wp\/v2\/types\/page"}],"author":[{"embeddable":true,"href":"https:\/\/emrecordlabelarchive.com\/index.php?rest_route=\/wp\/v2\/users\/1"}],"replies":[{"embeddable":true,"href":"https:\/\/emrecordlabelarchive.com\/index.php?rest_route=%2Fwp%2Fv2%2Fcomments&post=8980"}],"version-history":[{"count":4,"href":"https:\/\/emrecordlabelarchive.com\/index.php?rest_route=\/wp\/v2\/pages\/8980\/revisions"}],"predecessor-version":[{"id":51049,"href":"https:\/\/emrecordlabelarchive.com\/index.php?rest_route=\/wp\/v2\/pages\/8980\/revisions\/51049"}],"wp:attachment":[{"href":"https:\/\/emrecordlabelarchive.com\/index.php?rest_route=%2Fwp%2Fv2%2Fmedia&parent=8980"}],"curies":[{"name":"wp","href":"https:\/\/api.w.org\/{rel}","templated":true}]}}